j = 14 + v. Let y be b(j). Calculate o(y).
-12
Suppose 0 = -5*i - 25, -2*b - i - 17 = -60. Suppose -22*g + 8 = -b*g. Let o(a) = -5*a - 5. Calculate o(g).
15
Let a(f) = -6*f + 6. Let k(b) = -11*b - 1. Let s(h) = -h - 1. Let v(l) = k(l) - 6*s(l). Let r(w) = -6*a(w) + 7*v(w). Let j be (1 - 0)/(-1) - -4. What is r(j)?
2
Let j be (-952)/(-88) - 4/(-22). Let f be (-14)/(-77) + 53/j. Let t(o) = 12 - 3*o - 8 - o + f*o - o**2. Give t(3).
-2
Let d(h) = h**3 - 7*h**2 + h - 10. Let r(y) = 3*y**2 - 70*y - 118. Let f be r(25). Give d(f).
-3
Let p(u) be the first derivative of u**3/3 - u**2 - 6*u - 547. Give p(-2).
2
Suppose 119 = 2*a + a + 5*k, -189 = -5*a + k. Let s be (-16)/20 + a/10. Let l(f) = -3*f + f**3 + 3*f + s*f**2 - 1 - f. What is l(-3)?
2
Let d(v) = v**3 - 6*v**2 - 7*v + 7. Let k(q) be the third derivative of q**5/10 - q**4/12 - q**3/6 + q**2. Let j = 308 + -309. Let l be k(j). What is d(l)?
7
Let g(t) be the third derivative of -t**6/40 - t**5/60 + t**4/12 + t**3/2 - 11*t**2. Suppose -6*a = -4*a + 4. Calculate g(a).
19
Let q(g) = 321*g - 327*g + g**2 - 630 + 616. Determine q(8).
2
Let y(j) = -3*j**2 - 5*j - 2. Suppose -4*c - 13 = -5*i - 1, 0 = i - 3*c - 9. Suppose i*a - 12*a = 36. Give y(a).
-14
Let y(s) = 17*s + 5. Let v(n) = 13*n + 3. Let h(l) = 4*v(l) - 3*y(l). Calculate h(7).
4
Suppose 0 = 4*u + 4*p - 36, -4 = 2*p - 10. Let q(d) = d - 11. Let k(c) = -c + 12. Let i(y) = u*k(y) + 5*q(y). What is i(15)?
2
Let z(u) = -12*u - 2 - 5*u - 1151*u**3 + 17*u**2 + 14 + 1150*u**3. Calculate z(16).
-4
Let t(m) = -57*m**2 - 6*m + 109*m**2 - 5 - 56*m**2. Let k(u) = 9*u**2 + 13*u + 11. Let s(q) = -3*k(q) - 7*t(q). What is s(-4)?
6
Let s(f) be the first derivative of f**4/4 + f**2 - 2*f + 7. Let w be s(1). Let i(o) = -13*o**3 + o - 1. Calculate i(w).
-13
Let b be (-4044)/(-36)*(11 + -2). Let j(t) = -9 + 1 + 1010*t - b*t + t**2 - 2. What is j(0)?
-10
Let k(b) be the first derivative of 8 + 4*b**2 - 3*b - 1/3*b**3. What is k(6)?
9
Suppose 61*b - 72 = 53*b. Let o(q) = -2*q + 13. Calculate o(b).
-5
Let q = 493 + -498. Let d(k) = -k**2 - 5*k - 1. What is d(q)?
-1
Let h(o) = -o - 7. Suppose 5*q + 38 = 2*j, -9*j + 4*j + 3*q = -57. Calculate h(j).
-16
Let q(w) = -w**3 + 5*w**2. Let v(z) = -z**3 - z + 1. Let y be (-16)/10 - 22/55. Let b(n) = y*v(n) + q(n). Calculate b(-5).
-12
Let g(j) = -3*j - 19. Let t(o) = 6*o + 40. Let i(a) = 5*g(a) + 2*t(a). Calculate i(-9).
12
Let w(i) = 2*i - 1. Let y be w(3). Let n be (-6 - -8)/(3 - y). Let l(j) be the second derivative of -7*j**3/6 + j**2/2 - j. Determine l(n).
8
Let h(k) = 6*k**2 - 9*k - 1. Let j(p) = p**3 - 2*p**2. Let r(s) = -h(s) + 2*j(s). Give r(4).
5
Let r(l) = 3*l**2 + 20*l + 36. Let u be r(-4). Let i(j) be the third derivative of 0*j + 0 + u*j**2 + 1/12*j**4 + 0*j**3. Determine i(-4).
-8
Let f(h) be the second derivative of h**3/2 - 2*h**2 + 96*h - 2. Determine f(0).
-4
Let o(h) = -h + 4. Let m(c) = -2*c**3 - 10*c**2 - 2*c - 15. Let k be m(-5). Give o(k).
9
Let j(s) = 4*s**2 - 1. Let n be -2 - ((-5)/1 - -2). Let p be j(n). Let h(x) = -4 + 4*x**2 - 1 - 5*x**2 + 1 + 25*x - 20*x. Determine h(p).
2
Let b(h) = -h**3 - 3*h**2 + 1. Let o be 7 + -3 + 3 - 3. Suppose z + 0 - o = 0. Suppose -2*g + p + 0*p = 1, -z*g - p = 11. Give b(g).
-3
Let r = -85 - -87. Let d(i) = -3 - 7*i + 2*i + 3. Determine d(r).
-10
Let j(v) = -v - 6. Let a be ((-3)/3)/(3 + 38/(-13)). Calculate j(a).
7
Let o = -9 + 12. Suppose 0 = r - o*l - 4 + 20, 2*r = -2*l - 24. Let t = -19 - r. Let z(f) = -f + 6. Calculate z(t).
12
Let v(w) = 10*w. Let u(i) = -i. Let l(x) = 15*u(x) + v(x). Let n(r) = -3*r - 2*r**2 + 4*r + r**2 - 1. Let t(m) = l(m) - n(m). Give t(5).
-4
Suppose 37*o + 426 = 43*o. Let s = o - 72. Let l(g) = 9*g. Calculate l(s).
-9
Let o(b) = b**3 - 8*b**2 + 8. Let w = -349 - -357. Calculate o(w).
8
Let c(y) = 13 - y**2 - 29656*y + 29656*y. Let z(j) = j - 6. Let o be z(6). Give c(o).
13
Let u(r) = -45 - 39 + 4*r + 79. Calculate u(5).
15
Let l(u) = 7*u**2 - 4*u - 28. Let k(h) = 15*h**2 - 7*h - 59. Let p(a) = -6*k(a) + 13*l(a). Determine p(10).
-10
Suppose -10 = -5*t, 1 = -5*p + 6*p - t. Let b(f) = -5*f - 10. Let l(a) = 11*a + 19. Let z(x) = p*l(x) + 7*b(x). What is z(-9)?
5
Suppose -40*h + 216 = -13*h. Let y(b) = -b**3 + 9*b**2 - 8*b - 5. Give y(h).
-5
Let d(q) = 9*q**2 - 12*q - 55. Let s(u) = 2*u**2 - 3*u - 18. Let p(k) = -d(k) + 4*s(k). Suppose 3*x + 0*x = 0. What is p(x)?
-17
Let n = 6 - 1. Let k = n - 3. Let z(j) = 2 - 2 - 7 + 3*j - k. Determine z(6).
9
Let g(m) = m**3 - 6*m**2 - 8*m + 4. Suppose -10*h + 157 - 1147 = 0. Let r = -92 - h. What is g(r)?
-3
Let r(z) be the first derivative of -z**4/4 + 5*z**3 - 15*z**2/2 + 16*z + 43. Let g be r(14). Let d(k) = 4*k**3 - 3*k + 1. Determine d(g).
27
Let r be (15 - 3)/(-3 + 5). Let d be (r/(-2) + 3)/2. Let y = d - -1. Let c(m) = 7*m - 1. Calculate c(y).
6
Let n(g) = -2*g**2 - 2*g + 1. Let j be n(-2). Let k(a) = -a**3 + a - 3. Let r(y) = -y**2 + y. Let d(t) = -k(t) - 2*r(t). Determine d(j).
3
Let n(o) be the second derivative of -o**6/144 - 13*o**4/6 - 8*o + 3. Let s(r) be the third derivative of n(r). Give s(-2).
10
Let t(h) = h + 5. Let j(w) = w**2 - 26*w + 16*w + 15*w - w**3 + 3. Let a be j(3). Calculate t(a).
5
Let b(o) = -o**3 + 3*o**2 - o - 1. Let z(j) = -j**2 + 20*j + 3. Let q be 17 + ((-6)/(-8) - (-99)/44). Let r be z(q). Determine b(r).
-4
Let r(j) = -24 - 16*j**2 + 12*j**2 - j + 15*j + 3*j**2 - 2. Determine r(12).
-2
Let c(y) = 4*y - 11. Suppose -m - 2*m - 3*t = -30, 0 = 3*m - 4*t - 23. What is c(m)?
25
Let x(z) = 2*z**2 - 7*z + 4. Let t = -118 - -122. Determine x(t).
8
Let v(x) = 10*x**2 - 2*x - 8. Let t(m) = -3*m**2 - m + 1. Let s(n) = 4*t(n) + v(n). Calculate s(-4).
-12
Let u(r) = r - 1. Let z(i) = i + 4. Let p(m) = 3*u(m) + z(m). Suppose -5 = -3*g - t + 11, -2*g + 6 = 3*t. Suppose g + 4 = -5*o. Give p(o).
-7
Suppose 3 = n, -w = -0*w - 5*n + 14. Let g be w - (0/4 - -2). Let u(m) be the second derivative of 13*m**4/12 + m**3/6 + m**2/2 + 2*m. Calculate u(g).
13
Let f(g) = g**2 + 4*g**2 + 1 - 4*g**2 - 11*g**2 + 2*g**2 + g. What is f(-2)?
-33
Suppose 0 = 4*o, g - 5*o - 12 - 7 = 0. Let z(d) = -19 - g + 50 + 2*d - d. Determine z(0).
12
Suppose 21*v - 16*v = -15. Let j(s) = -4*s - 6. Let h(o) = 2*o + 3. Let n(y) = -13*h(y) - 6*j(y). Calculate n(v).
3
Let k(c) = -c**2 - 4*c + 3. Let z be 1 + -4 - (7 - 8 - -4). Calculate k(z).
-9
Let g(j) = 3*j**2 - 11*j - 4. Let v(u) = 11*u**2 - 34*u - 13. Let d(a) = -7*g(a) + 2*v(a). Calculate d(-5).
-18
Let f(s) = 14*s**3 - 2*s + 1. Let g be -4 + 5/5*(6 + -1). What is f(g)?
13
Suppose 27*i = -11*i + 114. Let n(f) = 10*f + 2. What is n(i)?
32
Let u(d) = -d + 10. Suppose 5*k - 10*k + 150 = 0. Suppose -k = -7*o + 6*o. Suppose -5*f = f - o. What is u(f)?
5
Let f(n) = -2*n - 7. Let m(l) = l + 2. Let w(s) = -f(s) - 3*m(s). Let y(r) = 2*r - 5. Suppose 3*k + 1 = -2. Let d(i) = k*y(i) - 3*w(i). What is d(-4)?
-2
Let r(m) be the second derivative of -m**5/20 - m**4/12 - m**3/6 + 3*m**2 - 41*m. Determine r(0).
6
Let b = -156 - -254. Let d(q) = -2*q**2 + 199*q - b*q - 4 - 94*q. Let k(u) = u**3 - u**2 - u + 5. Let r be k(0). What is d(r)?
-19
Let m be (12/(-9))/(2/(-6)). Let b(c) = 3*c**2 - 4 - 8*c - c**3 + 19*c - 7*c. Calculate b(m).
-4
Let g(l) be the first derivative of 2*l**3/3 + 5*l**2/2 + 4*l + 12. Determine g(-2).
2
Let w(o) = 2*o**2 + 2*o + 4. Let z(r) = 93*r + 274. Let l be z(-3). What is w(l)?
44
Suppose -14 - 10 = -3*c. Suppose 0 = 5*n + 20, -q + 3*n = -0*n - c. Let v(a) = -a**3 - 4*a**2 - a - 4. What is v(q)?
0
Let c = 200 - 202. Let l(a) = 4*a**3 + 4*a**2 + 2*a - 2. Determine l(c).
-22
Let b(y) = -y**3 - 6*y**2 + 2*y + 7. Suppose -8*s - m = -4*s + 5, 10 = -2*m. Let p be -4 + 1 + s + -3. Calculate b(p).
-5
Let o(a) = 7*a - 163. Let y be o(23). Let u(d) = -d + 1. Determine u(y).
3
Suppose x = -4*z + 25, 7*x - 5*z = 3*x - 5. Let y(d) = -d**2 + 6*d - 5. Calculate y(x).
0
Let q(f) = -f**3 - 2*f**2 - 2*f - 3. Suppose -2*a - 3*i + 1 = -1, a - 1 = -5*i. Let v be (12/(-8))/(a/2). Give q(v).
12
Let g(q) be the third derivative of -1/24*q**4 + 5*q**2 + 0 - 1/6*q**3 + 0*q. Suppose d + 18 = 4*j - 2, 5*j - 25 = -2*d. Give g(d).
-1
Suppose 0 = -10*h + 4*h. Let j(m) = m**2 + 1 + 6 - 7*m + h*m**2. Calculate j(5).
-3
Let n(d) = -10*d + 139. Let o be n(12). Let q(j) = -j**2 + 20*j 